 3*f - 168 = 0. Suppose -96 = -4*j + f. Suppose 0*d = -d + 58. Calculate the remainder when d is divided by j.
28
Let p(i) = 5*i**2 - 2*i. Suppose 0 = -v - 5 - 3. Let l = v - -6. Calculate the remainder when p(l) is divided by 9.
6
Let d(h) = 11*h - 19. What is the remainder when 753 is divided by d(3)?
11
Suppose 0 = n + 3*b - 29 + 7, 0 = -4*b. Suppose 0 = 14*z + 4*z - 756. Calculate the remainder when z is divided by n.
20
Suppose 143*w - 8 = 141*w. Suppose -12*n + 288 = w*n. Calculate the remainder when 33 is divided by n.
15
Suppose -13 - 351 = -4*k. Suppose v - k = -5*m, -v + 47 + 36 = m. Suppose 0 = 121*z - 249*z + 3584. What is the remainder when v is divided by z?
25
Calculate the remainder when (-2036)/(-28) + -1 + (-9)/(-7) is divided by 5.
3
Suppose -i + 3*k = -46, 2*i - k - 25 = 57. What is the remainder when 719 is divided by i?
39
Let z = -20 - 35. Let l = -1 - z. What is the remainder when 52 is divided by (l/(-10))/((-3)/10)?
16
Let h(r) = 72*r**3 - r**2 + 3*r - 2. Let d be h(1). Suppose x = -x + d. What is the remainder when x is divided by 13?
10
Suppose 4*x = -0*x - z + 28, 4 = 3*x + 5*z. Calculate the remainder when 28 - ((-9 - -3) + 3 + 1) is divided by x.
6
Suppose -5*q + 35 = b, -4*q + b + 19 = -0*b. Suppose -2*o + 6*o = 12. What is the remainder when ((-1 - -3) + 3)*o is divided by q?
3
Suppose -4 = 4*h, -3*f = 12*h - 8*h - 29. Let z(l) = -4*l**3 - l**2 - 2*l - 2. What is the remainder when z(-2) is divided by f?
8
Suppose 16*i = 2*a + 18*i - 22, 4*a + 5*i - 46 = 0. Let n = -35 + 54. Let f = -2 + n. What is the remainder when f is divided by a?
8
Let r = 32 - 11. Suppose 5*v = -3*s + 44, -2*v = -0*v - 5*s - 30. What is the remainder when (-3 - r/(-6))*72 is divided by v?
6
Suppose 0 = 18*c + 688 - 1120. What is the remainder when 88 is divided by c?
16
Let f(x) = 2*x - 5. Let s(i) = -i + 18. Let l be s(12). Suppose -l*g + 13 = 1. What is the remainder when f(5) is divided by g?
1
Let m(k) = -10*k - 5. Suppose 5*y - 10 = 4*j + j, -4 = j. What is the remainder when m(y) is divided by 9?
6
Calculate the remainder when (9 + -735 + -11)/(-2 - -1) is divided by 82.
81
Let o(x) = 24*x + 249. Suppose -5*r + 6 = 2*f, 4*f - 28 = 3*r - 5*r. Calculate the remainder when o(-10) is divided by f.
1
Suppose -30*u - 34641 = -39*u. Calculate the remainder when u is divided by 11.
10
Suppose 0 = 2*d + f + 24 - 275, -5 = -f. What is the remainder when d is divided by (0 - -62)/(2*1)?
30
Suppose 3*v - 117 = 4*p - 2*p, p = 0. What is the remainder when 972 is divided by v?
36
Let x(z) = -z**3 - 6*z**2 - 8*z - 10. Let k be x(-5). Suppose k*v = -5*o + 65, 5*o - 28 - 9 = -3*v. Calculate the remainder when 33 is divided by v.
5
Let l(q) = -71*q - 181. Calculate the remainder when 94 is divided by l(-3).
30
Suppose 30 + 35 = 5*l. Let t = 297 + -284. Calculate the remainder when t is divided by l.
0
Let p = -20 + 20. Suppose p = 4*y + 4*y - 176. Let g = -53 - -96. What is the remainder when g is divided by y?
21
Suppose s + 33 = 131. Let x = -119 + 63. Let y = s + x. Calculate the remainder when y is divided by 11.
9
Let t be (-20)/(-80) + 774/8. Let u = t + 4. Let p(y) = 2*y**2 - 9*y - 9. What is the remainder when u is divided by p(7)?
23
Let p(m) be the first derivative of m**4/4 + 10*m**3/3 + 3*m**2 - m - 1. Calculate the remainder when -101*3/(-7 - -4) is divided by p(-9).
23
Let l(r) = -r**3 + 16*r**2 - 23*r + 1. Calculate the remainder when 779 is divided by l(14).
69
Suppose 7*o - 4*o - 124 = 2*t, 3*o + 6*t - 156 = 0. Calculate the remainder when 659 is divided by o.
43
Suppose 0*j = -2*j + 10. Suppose -j*r + 160 = 3*u, -2*u = -3*r + 42 + 35. Let x = 24 - 9. What is the remainder when r is divided by x?
14
Suppose -2*k - 5*z = -103 - 197, 0 = -4*k - z + 582. What is the remainder when k is divided by 54?
37
Let m(r) = 2*r**2 + 13*r - 38. Calculate the remainder when 41 is divided by m(-10).
9
Let w(k) = -k**3 - k**2 + 2*k + 2. Let h be w(0). Suppose h*r + 52 = 6*r. Suppose 0*o = 4*o - 148. What is the remainder when o is divided by r?
11
Let w(v) = v**3 + 10*v**2 - 18*v + 32. What is the remainder when 1307 is divided by w(-11)?
108
Let o(g) = -g**3 + 8*g**2 - 6*g + 6. Let z be o(6). Suppose 3*m - z = 33. Suppose 3*s + 216 = 6*s. What is the remainder when s is divided by m?
22
Suppose 5*g - 218 = 3*x + 164, -5*g = 3*x - 358. Calculate the remainder when g is divided by 10.
4
Let c(w) = 9 + 9*w - w**2 + 2 + 3*w**2 + 1. Calculate the remainder when c(-4) is divided by 6.
2
Let v = -24 + 14. Let j = -5 - v. What is the remainder when 14 is divided by j?
4
What is the remainder when 102 is divided by (-6*(-100)/(-15))/(-5 - -3)?
2
Let z = 6 + -4. Suppose -3*a - z*a = -300. Suppose 2*k - 172 = -a. Calculate the remainder when k is divided by 15.
11
Let q = -69 - -106. What is the remainder when q is divided by 12?
1
Suppose 0 = -2*n - 73 + 523. Suppose 19*s - 14*s = n. What is the remainder when 88 is divided by s?
43
Let v = 53 + -49. Suppose 2*s = -v*f + 28, 0*s = 3*s + 5*f - 45. Calculate the remainder when 78 is divided by s.
18
Calculate the remainder when 336 + -1*(-6)/(-2) is divided by 26.
21
Suppose 14 = j - 2. What is the remainder when 541 is divided by j?
13
Let d(q) = -3*q**3 - q**2 + 2*q + 4. What is the remainder when 279 is divided by d(-2)?
19
Let w = -537 - -561. Calculate the remainder when 215 is divided by w.
23
Let g be 2/(2/1) + -24. Let t = 61 + g. What is the remainder when t is divided by 13?
12
Let o(a) = a**2 - 9*a - 30. Calculate the remainder when o(12) is divided by -3*4/4 + 5.
0
Let h = 501 + -458. What is the remainder when h is divided by 23?
20
Suppose 7 = -8*i + 31. Calculate the remainder when 8 is divided by (1 + 1)*i/2.
2
Suppose -20 = -5*n + 5*v, -10*n = -8*n + 5*v - 43. Calculate the remainder when 278 is divided by n.
8
Let n = 333 + -328. Calculate the remainder when 14 is divided by n.
4
Suppose -3*o - 12 = -3*v + 9, v = 5*o + 27. Let k(g) = g**2 + 8*g + 6. Let h be k(-7). Calculate the remainder when 5 + (4 - 2)*h is divided by v.
1
Let i be 1/(-2) + 1053/26. Suppose 4*v + 3*y - 21 - 11 = 0, -i = -5*v - 5*y. What is the remainder when (-708)/(-27) + v/(-36) is divided by 14?
12
Let p(o) = -65*o + 205. What is the remainder when p(-9) is divided by 53?
48
Suppose -2*w + 25 = 3*s - 0*s, -w - 33 = -5*s. Calculate the remainder when 25 is divided by s.
4
Suppose 0 = 4*n + 5*k - 18 - 129, -108 = -3*n - 3*k. What is the remainder when n is divided by 13?
7
Let o = 523 - 399. What is the remainder when o is divided by 63?
61
Let t(h) = -3*h**3 - 15*h**2 - 6*h + 1. What is the remainder when t(-5) is divided by 8?
7
Let b(j) = j**2 + 12*j - 18. Let p be b(-16). Let a = p + -28. What is the remainder when 51 is divided by a?
15
Calculate the remainder when 95/5 - 1 - (-10)/2 is divided by 5.
3
Let j(v) = v**3 + 7*v**2 + 5*v + 6. Let u = -553 - -789. Suppose 4*t + 6*f = 3*f + 236, 4*t + f - u = 0. Calculate the remainder when t is divided by j(-5).
28
Suppose 9 = 10*c - 7*c, -3*q = c - 126. Calculate the remainder when 206 is divided by q.
1
Let b(n) = -n - 10. Let g(w) = 11*w**2 + 9*w. Let d(k) = -k. Let q(x) = 18*d(x) + 2*g(x). What is the remainder when q(1) is divided by b(-18)?
6
Let l(h) = 15*h - 249. Calculate the remainder when l(22) is divided by 30.
21
Suppose -2*g - 9 = -37. Calculate the remainder when 147*(-6)/72*-4 is divided by g.
7
Let j = 6 + 17. Calculate the remainder when 13*12*(-42)/(-36) is divided by j.
21
Suppose 0*b - 3*b + 27 = -y, -3*b - 189 = 5*y. Calculate the remainder when (63 - (0 - -1)) + 36/y is divided by 16.
13
Let b(n) = n**2 - 8*n - 4. Let t be b(12). Suppose t = 2*s + 10. Calculate the remainder when s is divided by 5.
2
Suppose -5*t - 3*y + 4157 = 0, -23 = -4*t - 4*y + 3301. What is the remainder when t is divided by 49?
48
Suppose 50*t - 49*t - 13 = 0. What is the remainder when 349 is divided by t?
11
Let r = 304 - 143. What is the remainder when r is divided by 43?
32
Let n(b) = 6*b + 6. Let t be n(0). Suppose -t*j + 2 = -8*j, -3*f - 2*j = -304. What is the remainder when f is divided by 13?
11
Let d(c) = 5*c. Let o be d(1). Let v = 50 - 0. Suppose -j + v = 2*y, -o*y + j + 118 - 7 = 0. Calculate the remainder when y is divided by 14.
9
Let k(q) = -q + 8. Let c b